
{"id":3047,"date":"2016-03-22T16:25:55","date_gmt":"2016-03-22T16:25:55","guid":{"rendered":"http:\/\/www.gestionamos64.com\/?page_id=3047"},"modified":"2016-03-26T01:49:28","modified_gmt":"2016-03-26T01:49:28","slug":"inmuebles","status":"publish","type":"page","link":"https:\/\/www.gestionamos64.com\/?page_id=3047","title":{"rendered":"Inmuebles"},"content":{"rendered":"<p>[vc_row content_width=\u00bbgrid\u00bb triangle_shape=\u00bbno\u00bb css=\u00bb.vc_custom_1447926565788{padding-top: 70px !important;}\u00bb][vc_column offset=\u00bbvc_col-lg-9 vc_col-md-12&#8243;]\r\n<blockquote class=\"mkd-blockquote-shortcode\"  >\r\n\t<span class=\"mkd-icon-quotations-holder\" >\r\n\t\t<span aria-hidden=\"true\" class=\"mkd-icon-font-elegant icon_quotations \" ><\/span>\t<\/span>\r\n\t<h3 class=\"mkd-blockquote-text\" >\r\n\t<span>Si lo que desea es vender o alquilar, nosotros gestionamos la compraventa y alquiler de todo tipo de propiedades. Le acompa\u00f1amos y asesoramos durante todo el proceso, tanto de alquiler como de compraventa.<\/span>\r\n\t<\/h3>\r\n<\/blockquote>[vc_empty_space height=\u00bb45px\u00bb][vc_column_text]\r\n<span class=\"mkd-dropcaps mkd-normal\" style=\"color: #c18f59\">\r\n\tN<\/span>Nos ocupamos de la redacci\u00f3n de contratos, liquidaci\u00f3n de impuestos, tr\u00e1mites con la notar\u00eda, constituci\u00f3n y devoluci\u00f3n de fianzas, etc. Si lo que desea es alquilar o comprar, disponemos de una amplia base de datos para poder satisfacer sus necesidades. En ella tenemos desde pisos, fincas, negocios, locales comerciales, etc.[\/vc_column_text][vc_empty_space height=\u00bb45px\u00bb]<\/p>\n<p>[\/vc_column][\/vc_row][vc_empty_space height=\u00bb25px\u00bb]<\/p>\n","protected":false},"excerpt":{"rendered":"<p>[vc_row content_width=\u00bbgrid\u00bb triangle_shape=\u00bbno\u00bb css=\u00bb.vc_custom_1447926565788{padding-top: 70px !important;}\u00bb][vc_column offset=\u00bbvc_col-lg-9 vc_col-md-12&#8243;][vc_empty_space height=\u00bb45px\u00bb][vc_column_text]Nos ocupamos de la redacci\u00f3n de contratos, liquidaci\u00f3n de impuestos, tr\u00e1mites con la notar\u00eda, constituci\u00f3n y devoluci\u00f3n de fianzas, etc. Si lo que desea es alquilar o comprar, disponemos de una amplia base de datos para poder satisfacer sus necesidades. En ella tenemos desde pisos, fincas, negocios, locales comerciales, etc.[\/vc_column_text][vc_empty_space height=\u00bb45px\u00bb] [\/vc_column][\/vc_row][vc_empty_space height=\u00bb25px\u00bb]<\/p>\n","protected":false},"author":1,"featured_media":0,"parent":0,"menu_order":0,"comment_status":"closed","ping_status":"closed","template":"full-width.php","meta":{"footnotes":""},"class_list":["post-3047","page","type-page","status-publish","hentry"],"_links":{"self":[{"href":"https:\/\/www.gestionamos64.com\/index.php?rest_route=\/wp\/v2\/pages\/3047","targetHints":{"allow":["GET"]}}],"collection":[{"href":"https:\/\/www.gestionamos64.com\/index.php?rest_route=\/wp\/v2\/pages"}],"about":[{"href":"https:\/\/www.gestionamos64.com\/index.php?rest_route=\/wp\/v2\/types\/page"}],"author":[{"embeddable":true,"href":"https:\/\/www.gestionamos64.com\/index.php?rest_route=\/wp\/v2\/users\/1"}],"replies":[{"embeddable":true,"href":"https:\/\/www.gestionamos64.com\/index.php?rest_route=%2Fwp%2Fv2%2Fcomments&post=3047"}],"version-history":[{"count":8,"href":"https:\/\/www.gestionamos64.com\/index.php?rest_route=\/wp\/v2\/pages\/3047\/revisions"}],"predecessor-version":[{"id":3120,"href":"https:\/\/www.gestionamos64.com\/index.php?rest_route=\/wp\/v2\/pages\/3047\/revisions\/3120"}],"wp:attachment":[{"href":"https:\/\/www.gestionamos64.com\/index.php?rest_route=%2Fwp%2Fv2%2Fmedia&parent=3047"}],"curies":[{"name":"wp","href":"https:\/\/api.w.org\/{rel}","templated":true}]}}