
{"id":4931,"date":"2025-01-29T16:47:01","date_gmt":"2025-01-29T16:47:01","guid":{"rendered":"https:\/\/www.gestionamos64.com\/?page_id=4931"},"modified":"2025-01-29T16:47:54","modified_gmt":"2025-01-29T16:47:54","slug":"politica-de-privacidad-de-redes-sociales","status":"publish","type":"page","link":"https:\/\/www.gestionamos64.com\/?page_id=4931","title":{"rendered":"Pol\u00edtica de privacidad de redes sociales"},"content":{"rendered":"<p><strong><u>POL\u00cdTICA PRIVACIDAD REDES SOCIALES<\/u><\/strong><\/p>\n<p>De conformidad con lo establecido en la normativa vigente y aplicable en Protecci\u00f3n de Datos de Car\u00e1cter Personal, Reglamento 2016\/679 General de Protecci\u00f3n de Datos (RGPD) y la Ley Org\u00e1nica 3\/2018 de 5 de diciembre, de protecci\u00f3n de datos de car\u00e1cter personal y garant\u00eda de los derechos digitales (LOPDGDD), y la Ley 34\/2002, de 11 de julio, de Servicios de la Sociedad de la Informaci\u00f3n y de Comercio Electr\u00f3nico (LSSI-CE), GESTIONAMOS 64 SL informa a los usuarios, que ha procedido a crear un perfil en la Red Social Facebook, con la finalidad principal de publicitar sus productos y servicios.<\/p>\n<p>Datos de la entidad:<\/p>\n<ul>\n<li><strong>Denominaci\u00f3n social:<\/strong> GESTIONAMOS 64 SL<\/li>\n<li><strong>I.F.:<\/strong> B70416649<\/li>\n<li><strong>Domicilio social:<\/strong> CALLE PERU 16 15100 &#8211; CARBALLO (A CORU\u00d1A)<\/li>\n<li><strong>Tel\u00e9fono:<\/strong> 881984688<\/li>\n<li><strong>Correo electr\u00f3nico a efectos de comunicaci\u00f3n:<\/strong> <u>marga@gestionamos64.com<\/u><\/li>\n<li><strong>Dominio WEB:<\/strong> <u>gestionamos64.com<\/u><\/li>\n<li><strong>Datos de contacto Delegado de Protecci\u00f3n de Datos<\/strong>: Tel\u00e9fono: 984283532 Correo electr\u00f3nico: <u>delegadoprotecciondatos@prodasva.org<\/u>.<\/li>\n<\/ul>\n<p>El usuario dispone de un perfil en la misma Red Social y ha decidido unirse a la p\u00e1gina creada por GESTIONAMOS 64 SL mostrando as\u00ed inter\u00e9s en la informaci\u00f3n que se publicite en la Red. Al unirse a nuestra p\u00e1gina, nos facilita su consentimiento para el tratamiento de aquellos datos personales publicados en su perfil.<\/p>\n<p>El usuario puede acceder en todo momento a las pol\u00edticas de privacidad de la propia Red Social, as\u00ed como configurar su perfil para garantizar su privacidad.<\/p>\n<p>GESTIONAMOS 64 SL tiene acceso y trata aquella informaci\u00f3n p\u00fablica del usuario, en especial, su nombre de contacto. Estos datos, s\u00f3lo son utilizados dentro de la propia Red Social. No son incorporados a ning\u00fan sistema de tratamiento.<\/p>\n<p>En relaci\u00f3n a los derechos de acceso, rectificaci\u00f3n, limitaci\u00f3n de tratamiento, supresi\u00f3n, portabilidad y oposici\u00f3n al tratamiento de sus datos de car\u00e1cter personal de los que usted dispone y que pueden ser ejercitados ante GESTIONAMOS 64 SL, de acuerdo con la RGPD, debe tener en cuenta los siguientes matices:<\/p>\n<ul>\n<li><u>Derecho de Acceso:<\/u> Es el derecho del usuario a obtener informaci\u00f3n sobre sus datos concretos de car\u00e1cter personal y del tratamiento que se haya realizado o realice, as\u00ed como de la informaci\u00f3n disponible sobre el origen de dichos datos y las comunicaciones realizadas o previstas de los mismos.<\/li>\n<li><u>Derecho de Rectificaci\u00f3n<\/u>: Es el derecho del afectado a que se modifiquen los datos que resulten ser inexactos o incompletos. S\u00f3lo podr\u00e1 satisfacerse en relaci\u00f3n a aquella informaci\u00f3n que se encuentre bajo el control GESTIONAMOS 64 SL por ejemplo, eliminar comentarios publicados en la propia p\u00e1gina, im\u00e1genes o contenidos web donde consten datos de car\u00e1cter personal del usuario.<\/li>\n<li><u>Derecho a la Limitaci\u00f3n de tratamiento<\/u>: Es el derecho a que se limiten los fines del tratamiento previstos de forma original por el responsable del tratamiento.<\/li>\n<li><u>Derecho de Supresi\u00f3n<\/u>: Es el derecho a suprimir los datos de car\u00e1cter personal del usuario, a excepci\u00f3n de lo previsto en el propio RGPD o en otras normativas aplicables que determinen la obligatoriedad de la conservaci\u00f3n de los mismos, en tiempo y forma.<\/li>\n<li><u>Derecho de portabilidad<\/u>: El derecho a recibir los datos personales que el usuario, haya facilitado, en un formato estructurado, de uso com\u00fan y lectura mec\u00e1nica, y a transmitirlos a otro responsable.<\/li>\n<li><u>Derecho de Oposici\u00f3n<\/u>: Es el derecho del usuario a que no se lleve a cabo el tratamiento de sus datos de car\u00e1cter personal o se cese el tratamiento de los mismos por parte de GESTIONAMOS 64 SL<\/li>\n<\/ul>\n<p>GESTIONAMOS 64 SL realizar\u00e1 las siguientes actuaciones:<\/p>\n<ul>\n<li>Acceso a la informaci\u00f3n p\u00fablica del perfil.<\/li>\n<li>Publicaci\u00f3n en el perfil del usuario de toda aquella informaci\u00f3n ya publicada en la p\u00e1gina de GESTIONAMOS 64 SL<\/li>\n<li>Enviar mensajes personales e individuales a trav\u00e9s de los canales de la Red Social.<\/li>\n<li>Actualizaciones del estado de la p\u00e1gina que se publicar\u00e1n en el perfil del usuario.<\/li>\n<\/ul>\n<p>El usuario siempre puede controlar sus conexiones, eliminar los contenidos que dejen de interesarle y restringir con qui\u00e9n comparte sus conexiones, para ello deber\u00e1 acceder a su configuraci\u00f3n de privacidad.<\/p>\n<p><strong>Publicaciones\u00a0<\/strong><\/p>\n<p>El usuario, una vez unido a la p\u00e1gina de GESTIONAMOS 64 SL podr\u00e1 publicar en \u00e9sta \u00faltima comentarios, enlaces, im\u00e1genes o fotograf\u00edas o cualquier otro tipo de contenido multimedia soportado por la Red Social. El usuario, en todos los casos, debe ser el titular de los mismos, gozar de los derechos de autor y de propiedad intelectual o contar con el consentimiento de los terceros afectados. Se proh\u00edbe expresamente cualquier publicaci\u00f3n en la p\u00e1gina, ya sean textos, gr\u00e1ficos, fotograf\u00edas, v\u00eddeos, etc. que atenten o sean susceptibles de atentar contra la moral, la \u00e9tica, el buen gusto o el decoro, y\/o que infrinjan, violen o quebranten los derechos de propiedad intelectual o industrial, el derecho a la imagen o la Ley. En estos casos, GESTIONAMOS 64 SL se reserva el derecho a retirar de inmediato el contenido, pudiendo solicitar el bloqueo permanente del usuario.<\/p>\n<p>GESTIONAMOS 64 SL no se har\u00e1 responsable de los contenidos que libremente ha publicado un usuario.<\/p>\n<p>El usuario debe tener presente que sus publicaciones ser\u00e1n conocidas por los otros usuarios, por lo que \u00e9l mismo es el principal responsable de su privacidad.<\/p>\n<p>Las im\u00e1genes que puedan publicarse en la p\u00e1gina no ser\u00e1n almacenadas en ning\u00fan sistema de tratamiento por parte de GESTIONAMOS 64 SL, pero s\u00ed que permanecer\u00e1n en la Red Social.<\/p>\n<p><strong>Concursos y promociones<\/strong><\/p>\n<p>GESTIONAMOS 64 SL se reserva el derecho a realizar concursos y promociones, en los que podr\u00e1 participar el usuario unido a su p\u00e1gina. Las bases de cada uno de ellos, cuando se utilice para ello la plataforma de la Red Social, ser\u00e1n publicadas en la misma. Cumpliendo siempre con la LSSI-CE y con cualquier otra norma que le sea de aplicaci\u00f3n.<\/p>\n<p>La Red Social no patrocina, avala ni administra, de modo alguno, ninguna de nuestras promociones, ni est\u00e1 asociada a ninguna de ellas.<\/p>\n<p><strong>Publicidad<\/strong><\/p>\n<p>GESTIONAMOS 64 SL utilizar\u00e1 la Red Social para publicitar sus productos y servicios, en todo caso, si decide tratar sus datos de contacto para realizar acciones directas de prospecci\u00f3n comercial, ser\u00e1 siempre, cumpliendo con las exigencias legales de la RGPD y de la LSSI-CE.<\/p>\n<p>No se considerar\u00e1 publicidad el hecho de recomendar a otros usuarios la p\u00e1gina de GESTIONAMOS 64 SL para que tambi\u00e9n ellos puedan disfrutar de las promociones o estar informados de su actividad.<\/p>\n<p>A continuaci\u00f3n, detallamos el enlace a la pol\u00edtica de privacidad de la Red Social:<\/p>\n<ul>\n<li>Facebook: <a href=\"https:\/\/www.facebook.com\/people\/Gestionamos-64\/100055956685455\/\">https:\/\/www.facebook.com\/people\/Gestionamos-64\/100055956685455\/<\/a><\/li>\n<li>X (antes Twitter): <a href=\"https:\/\/twitter.com\/gestionamos64\">https:\/\/twitter.com\/gestionamos64<\/a><\/li>\n<\/ul>\n<p>&nbsp;<\/p>\n<p>&nbsp;<\/p>\n","protected":false},"excerpt":{"rendered":"<p>POL\u00cdTICA PRIVACIDAD REDES SOCIALES De conformidad con lo establecido en la normativa vigente y aplicable en Protecci\u00f3n de Datos de Car\u00e1cter Personal, Reglamento 2016\/679 General de Protecci\u00f3n de Datos (RGPD) y la Ley Org\u00e1nica 3\/2018 de 5 de diciembre, de protecci\u00f3n de datos de car\u00e1cter personal y garant\u00eda de los derechos digitales (LOPDGDD), y la Ley 34\/2002, de 11 de julio, de Servicios de la Sociedad de la Informaci\u00f3n y de Comercio Electr\u00f3nico (LSSI-CE), GESTIONAMOS 64 SL informa a los usuarios, que ha procedido a crear un perfil en la Red Social Facebook, con la finalidad principal de publicitar sus&#8230;<\/p>\n","protected":false},"author":3,"featured_media":0,"parent":0,"menu_order":0,"comment_status":"closed","ping_status":"closed","template":"","meta":{"footnotes":""},"class_list":["post-4931","page","type-page","status-publish","hentry"],"_links":{"self":[{"href":"https:\/\/www.gestionamos64.com\/index.php?rest_route=\/wp\/v2\/pages\/4931","targetHints":{"allow":["GET"]}}],"collection":[{"href":"https:\/\/www.gestionamos64.com\/index.php?rest_route=\/wp\/v2\/pages"}],"about":[{"href":"https:\/\/www.gestionamos64.com\/index.php?rest_route=\/wp\/v2\/types\/page"}],"author":[{"embeddable":true,"href":"https:\/\/www.gestionamos64.com\/index.php?rest_route=\/wp\/v2\/users\/3"}],"replies":[{"embeddable":true,"href":"https:\/\/www.gestionamos64.com\/index.php?rest_route=%2Fwp%2Fv2%2Fcomments&post=4931"}],"version-history":[{"count":3,"href":"https:\/\/www.gestionamos64.com\/index.php?rest_route=\/wp\/v2\/pages\/4931\/revisions"}],"predecessor-version":[{"id":4935,"href":"https:\/\/www.gestionamos64.com\/index.php?rest_route=\/wp\/v2\/pages\/4931\/revisions\/4935"}],"wp:attachment":[{"href":"https:\/\/www.gestionamos64.com\/index.php?rest_route=%2Fwp%2Fv2%2Fmedia&parent=4931"}],"curies":[{"name":"wp","href":"https:\/\/api.w.org\/{rel}","templated":true}]}}

Política de privacidad de redes sociales

<p><strong><u>POLÍTICA PRIVACIDAD REDES SOCIALES</u></strong></p>
<p>De conformidad con lo establecido en la normativa vigente y aplicable en Protección de Datos de Carácter Personal, Reglamento 2016/679 General de Protección de Datos (RGPD) y la Ley Orgánica 3/2018 de 5 de diciembre, de protección de datos de carácter personal y garantía de los derechos digitales (LOPDGDD), y la Ley 34/2002, de 11 de julio, de Servicios de la Sociedad de la Información y de Comercio Electrónico (LSSI-CE), GESTIONAMOS 64 SL informa a los usuarios, que ha procedido a crear un perfil en la Red Social Facebook, con la finalidad principal de publicitar sus productos y servicios.</p>
<p>Datos de la entidad:</p>
<ul>
<li><strong>Denominación social:</strong> GESTIONAMOS 64 SL</li>
<li><strong>I.F.:</strong> B70416649</li>
<li><strong>Domicilio social:</strong> CALLE PERU 16 15100 &#8211; CARBALLO (A CORUÑA)</li>
<li><strong>Teléfono:</strong> 881984688</li>
<li><strong>Correo electrónico a efectos de comunicación:</strong> <u>marga@gestionamos64.com</u></li>
<li><strong>Dominio WEB:</strong> <u>gestionamos64.com</u></li>
<li><strong>Datos de contacto Delegado de Protección de Datos</strong>: Teléfono: 984283532 Correo electrónico: <u>delegadoprotecciondatos@prodasva.org</u>.</li>
</ul>
<p>El usuario dispone de un perfil en la misma Red Social y ha decidido unirse a la página creada por GESTIONAMOS 64 SL mostrando así interés en la información que se publicite en la Red. Al unirse a nuestra página, nos facilita su consentimiento para el tratamiento de aquellos datos personales publicados en su perfil.</p>
<p>El usuario puede acceder en todo momento a las políticas de privacidad de la propia Red Social, así como configurar su perfil para garantizar su privacidad.</p>
<p>GESTIONAMOS 64 SL tiene acceso y trata aquella información pública del usuario, en especial, su nombre de contacto. Estos datos, sólo son utilizados dentro de la propia Red Social. No son incorporados a ningún sistema de tratamiento.</p>
<p>En relación a los derechos de acceso, rectificación, limitación de tratamiento, supresión, portabilidad y oposición al tratamiento de sus datos de carácter personal de los que usted dispone y que pueden ser ejercitados ante GESTIONAMOS 64 SL, de acuerdo con la RGPD, debe tener en cuenta los siguientes matices:</p>
<ul>
<li><u>Derecho de Acceso:</u> Es el derecho del usuario a obtener información sobre sus datos concretos de carácter personal y del tratamiento que se haya realizado o realice, así como de la información disponible sobre el origen de dichos datos y las comunicaciones realizadas o previstas de los mismos.</li>
<li><u>Derecho de Rectificación</u>: Es el derecho del afectado a que se modifiquen los datos que resulten ser inexactos o incompletos. Sólo podrá satisfacerse en relación a aquella información que se encuentre bajo el control GESTIONAMOS 64 SL por ejemplo, eliminar comentarios publicados en la propia página, imágenes o contenidos web donde consten datos de carácter personal del usuario.</li>
<li><u>Derecho a la Limitación de tratamiento</u>: Es el derecho a que se limiten los fines del tratamiento previstos de forma original por el responsable del tratamiento.</li>
<li><u>Derecho de Supresión</u>: Es el derecho a suprimir los datos de carácter personal del usuario, a excepción de lo previsto en el propio RGPD o en otras normativas aplicables que determinen la obligatoriedad de la conservación de los mismos, en tiempo y forma.</li>
<li><u>Derecho de portabilidad</u>: El derecho a recibir los datos personales que el usuario, haya facilitado, en un formato estructurado, de uso común y lectura mecánica, y a transmitirlos a otro responsable.</li>
<li><u>Derecho de Oposición</u>: Es el derecho del usuario a que no se lleve a cabo el tratamiento de sus datos de carácter personal o se cese el tratamiento de los mismos por parte de GESTIONAMOS 64 SL</li>
</ul>
<p>GESTIONAMOS 64 SL realizará las siguientes actuaciones:</p>
<ul>
<li>Acceso a la información pública del perfil.</li>
<li>Publicación en el perfil del usuario de toda aquella información ya publicada en la página de GESTIONAMOS 64 SL</li>
<li>Enviar mensajes personales e individuales a través de los canales de la Red Social.</li>
<li>Actualizaciones del estado de la página que se publicarán en el perfil del usuario.</li>
</ul>
<p>El usuario siempre puede controlar sus conexiones, eliminar los contenidos que dejen de interesarle y restringir con quién comparte sus conexiones, para ello deberá acceder a su configuración de privacidad.</p>
<p><strong>Publicaciones </strong></p>
<p>El usuario, una vez unido a la página de GESTIONAMOS 64 SL podrá publicar en ésta última comentarios, enlaces, imágenes o fotografías o cualquier otro tipo de contenido multimedia soportado por la Red Social. El usuario, en todos los casos, debe ser el titular de los mismos, gozar de los derechos de autor y de propiedad intelectual o contar con el consentimiento de los terceros afectados. Se prohíbe expresamente cualquier publicación en la página, ya sean textos, gráficos, fotografías, vídeos, etc. que atenten o sean susceptibles de atentar contra la moral, la ética, el buen gusto o el decoro, y/o que infrinjan, violen o quebranten los derechos de propiedad intelectual o industrial, el derecho a la imagen o la Ley. En estos casos, GESTIONAMOS 64 SL se reserva el derecho a retirar de inmediato el contenido, pudiendo solicitar el bloqueo permanente del usuario.</p>
<p>GESTIONAMOS 64 SL no se hará responsable de los contenidos que libremente ha publicado un usuario.</p>
<p>El usuario debe tener presente que sus publicaciones serán conocidas por los otros usuarios, por lo que él mismo es el principal responsable de su privacidad.</p>
<p>Las imágenes que puedan publicarse en la página no serán almacenadas en ningún sistema de tratamiento por parte de GESTIONAMOS 64 SL, pero sí que permanecerán en la Red Social.</p>
<p><strong>Concursos y promociones</strong></p>
<p>GESTIONAMOS 64 SL se reserva el derecho a realizar concursos y promociones, en los que podrá participar el usuario unido a su página. Las bases de cada uno de ellos, cuando se utilice para ello la plataforma de la Red Social, serán publicadas en la misma. Cumpliendo siempre con la LSSI-CE y con cualquier otra norma que le sea de aplicación.</p>
<p>La Red Social no patrocina, avala ni administra, de modo alguno, ninguna de nuestras promociones, ni está asociada a ninguna de ellas.</p>
<p><strong>Publicidad</strong></p>
<p>GESTIONAMOS 64 SL utilizará la Red Social para publicitar sus productos y servicios, en todo caso, si decide tratar sus datos de contacto para realizar acciones directas de prospección comercial, será siempre, cumpliendo con las exigencias legales de la RGPD y de la LSSI-CE.</p>
<p>No se considerará publicidad el hecho de recomendar a otros usuarios la página de GESTIONAMOS 64 SL para que también ellos puedan disfrutar de las promociones o estar informados de su actividad.</p>
<p>A continuación, detallamos el enlace a la política de privacidad de la Red Social:</p>
<ul>
<li>Facebook: <a href="https://www.facebook.com/people/Gestionamos-64/100055956685455/">https://www.facebook.com/people/Gestionamos-64/100055956685455/</a></li>
<li>X (antes Twitter): <a href="https://twitter.com/gestionamos64">https://twitter.com/gestionamos64</a></li>
</ul>
<p>&nbsp;</p>
<p>&nbsp;</p>

<p>POLÍTICA PRIVACIDAD REDES SOCIALES De conformidad con lo establecido en la normativa vigente y aplicable en Protección de Datos de Carácter Personal, Reglamento 2016/679 General de Protección de Datos (RGPD) y la Ley Orgánica 3/2018 de 5 de diciembre, de protección de datos de carácter personal y garantía de los derechos digitales (LOPDGDD), y la Ley 34/2002, de 11 de julio, de Servicios de la Sociedad de la Información y de Comercio Electrónico (LSSI-CE), GESTIONAMOS 64 SL informa a los usuarios, que ha procedido a crear un perfil en la Red Social Facebook, con la finalidad principal de publicitar sus&#8230;</p>
